 Calculate the highest common factor of 132 and j.
12
Let h be 210 + (-6 - -4) - 5. Calculate the highest common factor of h and 7.
7
Suppose -x + 20 = -2*p, -5*x - p + 2*p = -100. Let i be (18/(-4))/1*x/(-6). Calculate the greatest common divisor of i and 5.
5
Suppose -s = -4*x + 145, 3*s - 85 = -3*x - s. Let a(j) = -j**2 + 7. Let t be a(0). Calculate the highest common divisor of x and t.
7
Let t be (-172)/(-6) - 10/15. What is the greatest common factor of t and 8?
4
Suppose -3*a = -412 - 215. Suppose 6*d = 4*d + 38. Calculate the highest common divisor of a and d.
19
Let a be (-1)/(-1) + (-69)/(-3). Let l = -5730 - -5754. What is the greatest common factor of a and l?
24
Let s(z) = z**3 + 14*z**2 - 17*z + 33. Suppose -4*j - 90 = 2*j. Let v be s(j). Calculate the greatest common factor of 7 and v.
7
Suppose -5*m + 3100 = -4*w, 3*m - 3*w + 1217 = 5*m. Calculate the highest common factor of m and 56.
56
Let k(a) = 40*a - 392. Let l be k(15). Calculate the greatest common divisor of 13 and l.
13
Let c = -9 + 9. Suppose 4*d = 2*t + 56, t = -c*d + d - 16. Calculate the highest common factor of 8 and d.
4
Suppose 2*v + 2*v = -3*w + 329, -2*w + 220 = 2*v. Calculate the greatest common divisor of 148 and w.
37
Let k be 1*((115 - -1) + -2). Suppose -4*z = -k - 238. Let j(d) = d**2 + 13*d - 40. Let i be j(-16). What is the highest common factor of i and z?
8
Let g be -8 + -2 + 7 + -2 + 13. What is the highest common divisor of g and 52?
4
Let j = 176 + -165. Suppose 4*x - x = -9, 3*w = -3*x + 123. What is the highest common factor of w and j?
11
Suppose 70*s - 2448 = -68. What is the highest common divisor of s and 22?
2
Let m = 77 - -157. What is the greatest common divisor of 52 and m?
26
Let g = -290 + 297. Calculate the highest common factor of g and 427.
7
Let g be (-25)/(-10) + (-1)/2. Suppose 78 = g*p + p. Let w = 40 - p. Calculate the greatest common divisor of w and 112.
14
Let q = 54 + -52. Suppose 5*m = 3*r - 2 - 4, -2 = -q*r + 4*m. What is the highest common factor of r and 77?
7
Suppose -5*x + 1 + 4 = 0. Let f(t) = -134*t + 1612. Let p be f(12). Calculate the highest common divisor of x and p.
1
Suppose 3*p = 4*i + 53, 6*p = p - 4*i + 99. Let o = p - 11. Calculate the greatest common divisor of 24 and o.
8
Suppose 3*i - 71 = 2*i - 5*h, 0 = -3*h + 9. Let c = -8 - -11. Let p = c + 5. What is the greatest common factor of p and i?
8
Let o = 996 + -888. Calculate the greatest common divisor of o and 36.
36
Let h = -16 + 23. Let g = -1581 - -1588. Calculate the highest common factor of g and h.
7
Suppose -9*c + 157 = 115 - 165. Let r be -4*(0 - (2 - -21)). Calculate the highest common factor of r and c.
23
Suppose -125 = -5*q - 5*a, q + 3 - 19 = -4*a. Calculate the greatest common divisor of 20 and q.
4
Suppose -3*v - 62 = -359. Let o(d) = -d**3 - 6*d**2 + 5*d - 5. Let u be o(-7). Calculate the greatest common divisor of u and v.
9
Let a(b) = -b + 14. Let c be a(11). Suppose 3*d - 18 = -c*v, 3 = -4*d + 7. Let l = 182 + -180. Calculate the greatest common factor of v and l.
1
Let l(k) = 5*k**2 - 1. Let a be l(1). Suppose -3*v = -5*t - 0 + 3, a*v - 5*t + 4 = 0. Let s = 29 - v. What is the greatest common factor of 150 and s?
30
Let z = 333 - 185. What is the greatest common divisor of z and 4?
4
Let o(r) = 7*r**2 + 4*r + 29. Let c be o(5). What is the greatest common factor of c and 28?
28
Suppose -5*z - 8 = -9*z. Suppose 2 + 3 = 5*x, d - z*x - 86 = 0. What is the greatest common factor of 22 and d?
22
Let q = -1542 - -1650. What is the highest common divisor of q and 78?
6
Let t(d) be the third derivative of d**4/6 - 4*d**3/3 + 2*d**2 - 153*d. Suppose 4*s - 45 = -s. Let f be t(s). What is the highest common divisor of 4 and f?
4
Let o be 29/(-1)*(-1)/(3 + -4). Let m = 93 + o. Let w be (6/(-15))/((-2)/40). Calculate the greatest common divisor of w and m.
8
Let f = 67 - 46. Let s = f - -100. What is the greatest common divisor of 11 and s?
11
Let t(g) = -21*g + 324. Let u be t(13). What is the highest common divisor of 51 and u?
51
Suppose 42*f - z = 37*f + 9765, -5*f + 9735 = 5*z. What is the highest common divisor of 32 and f?
32
Let j(t) = -3*t**2 - 52*t - 9. Let f be j(-15). What is the highest common factor of f and 60?
12
Let i(c) = c**3 + 17*c**2 + 17*c + 14. Let j be i(-16). Let f be 3 + 51 - 0/j. What is the highest common divisor of 27 and f?
27
Suppose -64*x + 63*x = -66. Calculate the highest common factor of x and 528.
66
Let h(q) = q**3 - 6*q**2 - q + 15. Let i(b) = -b**2 - 11*b - 12. Let u be i(-9). Let k be h(u). Calculate the highest common divisor of 9 and k.
9
Let j(r) = r**3 - 25*r**2 - r + 25. Let s be j(25). Let f be ((-5616)/(-6))/4 - (s + -1). Calculate the highest common factor of 47 and f.
47
Let p(i) = 6*i + 50. Let x be p(-7). Suppose -2*w = 2*w - 288. Suppose 0 = j, -5*j = 3*k - 0*k - w. What is the greatest common factor of k and x?
8
Suppose f - 17 = -4*y, -21 - 4 = -5*y. Let j be (-4)/(f/(-2)*1/(-3)). Calculate the highest common factor of 20 and j.
4
Suppose 304 = 14*d - 4. Calculate the greatest common factor of 132 and d.
22
Let w = 99 - 58. Let c(d) = d**2 + 13*d - 8. Let r be c(-18). What is the greatest common factor of w and r?
41
Let m = 20 - 10. Let n = m + -7. Let l be 12/(3/((-225)/(-60))). What is the greatest common factor of l and n?
3
Let g(o) = 4*o - 1. Let y be g(1). Suppose 0 = 4*s - y*q - 62, s - 24 = -2*q + 7*q. What is the highest common factor of s and 154?
14
Let r(u) = 7*u**2 + 12*u. Let b be r(-7). What is the greatest common factor of b and 74?
37
Let i(n) = -3*n**2 - 58*n - 9. Let k be i(-18). What is the greatest common factor of 99 and k?
9
Let a be 14 + 4*(-9)/6. Calculate the highest common divisor of a and 212.
4
Let t(n) = -n**3 - 2*n**2 - 3*n - 7. Let p be -1*3/(-3) + -1. Suppose 7*h - 11*h - 12 = p. Let x be t(h). Calculate the greatest common factor of x and 110.
11
Suppose -5*a = 5*y + 25, -a - 3*a - 10 = -y. Let l be (1 - 1)*(-1)/y. Suppose 0 = -g - l + 10. Calculate the greatest common divisor of g and 90.
10
Let j be 6/(3 - 18/4). Suppose -22*p + 4 = -21*p. Let a be p*((j - -7) + 2). What is the highest common factor of a and 4?
4
Let c = -10 - -16. Suppose 260 = -c*z + z. Let m be (z/6)/((-32)/48). What is the greatest common factor of 117 and m?
13
Suppose 4*l = -g + 12, 3*g + 2*l = 4*l + 64. Calculate the highest common factor of g and 30.
10
Let n = 424 + -409. Suppose 5*g - 608 = 4*b, 3*g - b + 10 = 372. Calculate the highest common factor of n and g.
15
Suppose -3*s - 3*p = -93, -5*s + 2*p + 154 = 6*p. Suppose -23*n = -18*n - s. Let a = 84 + -30. Calculate the highest common divisor of n and a.
6
Let g be 117/12 + 1/4 - -2. Calculate the greatest common divisor of 48 and g.
12
Suppose -3*x = 2*v - 230, -7*x + 10*x - 235 = -v. Calculate the highest common factor of x and 320.
80
Let r(k) = -k + 67. Let w be r(25). Suppose -w = -2*n - 4*s, 0*n - 4*n = -s - 39. Calculate the highest common divisor of 33 and n.
11
Suppose 3*o - 33 = 4*w - 5, 0 = -o + w + 9. Suppose -3*l = 5*d - 631, 7*l + 15 = 2*l. Calculate the greatest common factor of o and d.
8
Let c(b) = b**3 + b. Let f be c(3). Let a = f - 2. Suppose -4*v + 4 = 4*o, 3*v = -3 - 6. Calculate the greatest common factor of o and a.
4
Let p(x) = x**3 - 3*x**2 + 2*x + 2. Let i be p(2). Let b be 486/24 - (-6)/8. Let w be -3 + 23/7 + 15/b. What is the greatest common divisor of w and i?
1
Suppose -27*s - 24*s = -13515. Calculate the highest common divisor of 477 and s.
53
Let b be (28/6)/(26/6 - 5). Let y = b + 15. Let d be (-8)/(-2*(-1)/(-22)). Calculate the highest common divisor of y and d.
8
Let u(b) = -12*b - 26. Let p be u(-4). Let q = 0 + 0. Suppose -2*z + p + 2 = q. Calculate the highest common factor of 60 and z.
12
Suppose -4*t - 6 = -t. Let v be -8 + 6 + (29 - t). Let z = v - 2. Calculate the highest common divisor of z and 18.
9
Suppose 2*q + 565 = 589. What is the greatest common divisor of q and 240?
12
Suppose -x + 34*a - 31*a = -22, 4*x + 5*a - 88 = 0. What is the highest common factor of x and 110?
22
Let b be -92 - (2/(-7))/(2/(-14)). Let s = -19 - b. Calculate the highest common divisor of s and 15.
15
Let v be 12/(-22) - (-3412)/44. What is the greatest common factor of 176 and v?
11
Let n = 209 + -